*k. Is k prime?
False
Let g = 698 - 85. Is g prime?
True
Suppose t = 5*l + 2, -l + 70 = 5*t + 4*l. Let r = 17 - t. Suppose -r*o = -y + 39, 5*y + 2*o = 4*o + 241. Is y prime?
False
Let r be (1 - -3)*3/3. Suppose 58 = v + 18. Suppose 4 = r*b - v. Is b composite?
False
Let c(a) = -a**2 + 18*a + 20. Is c(17) a composite number?
False
Is 1822/22 + (-16)/(-88) a composite number?
False
Let j = -860 - -1491. Is j a composite number?
False
Let k be 2/5 - 684/(-15). Suppose 30 = 4*f - k. Is f composite?
False
Is 2*(-28)/(-8)*7 a composite number?
True
Let q be 2/(-9) - 12/(-54). Suppose u - 6 - 77 = q. Is u a composite number?
False
Let f = 870 - 491. Is f a prime number?
True
Let k(c) = 441*c**2 + 1. Let o be k(2). Suppose -y + o = 4*y. Is y a prime number?
True
Let a(r) = r - 1. Let l be a(0). Let u(k) = -k + 11. Let w be u(10). Is (-70 + 3)/w*l a prime number?
True
Suppose -5*q + 15 = 0, -2226 = -3*c - 3*q + 4*q. Is c a composite number?
False
Suppose 4*z - 24 = -4*o, 3*z - o = o - 2. Let q be 0*z*1/4. Suppose 4*m - 5*j = -0*j + 99, q = -3*m - j + 98. Is m a composite number?
False
Suppose 2*g = 2*u - 2, 4*u - 22 = -2*g - 0. Suppose g*c = 8*c - 385. Is c composite?
True
Suppose -4*q + 1077 = 3*a, 0 = q - 2*a - 130 - 131. Is q a prime number?
False
Let t be -13*(-1 + -1)/(-2). Let l = t + 26. Is l prime?
True
Let p(c) = c**2 - 2. Let y be p(4). Is (y/(-56))/((-1)/52) a prime number?
True
Suppose -3*d = 2*d - 175. Is d composite?
True
Is (-6)/9*7788/(-8) a composite number?
True
Suppose -2*b - 570 = -4*b. Suppose 0 = -p + 4*p - b. Is p a prime number?
False
Suppose -4*x + 29 = -7. Let n be (-644)/18 - 2/x. Let f = n - -57. Is f a composite number?
True
Is 3/(1*12/556) a composite number?
False
Let f = -65 - -97. Let j(p) = -p**3 + 8*p**2 + 13*p - 10. Let m be j(9). Suppose -d + 4*r + m = 0, -r + f = 5*d - 140. Is d prime?
False
Let y = 1207 + -716. Is y prime?
True
Let t(q) = 1 - 4*q + 3*q**2 + 7*q**2 - 6*q**2. Is t(-3) composite?
True
Suppose t = 3*m, 3*m - 11 = -m + 5*t. Let q be -5*18/15*m. Let b = q - -13. Is b prime?
True
Let f(i) = -i**3 - 2*i**2 + 9*i + 5. Is f(-6) composite?
True
Suppose 4*y = y + 6. Suppose -y*j - 93 + 283 = 0. Is j a composite number?
True
Let s = 26 - -4. Suppose 3*k - s = 24. Suppose -y - 3*a + k = 0, 2*y + 6 = 2*a + 2. Is y a prime number?
True
Suppose 3*q = 5*q - 8. Suppose 28 = -q*i - 2*s, -10 = 4*i - 3*i + 2*s. Let r = i - -17. Is r a composite number?
False
Let v be (-128)/(-3) - (-2)/6. Let z be -32 - (-5 - (-1 + -2)). Let k = z + v. Is k a prime number?
True
Let a be (-1 + (-16)/(-12))*0. Suppose 3*c + 1 = -5, -s + 3*c + 133 = a. Is s a composite number?
False
Is ((-2)/(-12) - (-35079)/18) + 0 prime?
True
Suppose 0 = -4*f + 6 + 10. Suppose -2*r = -2*n + 8, -f*n + 20 = -7*r + 2*r. Suppose n = -2*t - 2*t + 328. Is t prime?
False
Let z be (-14)/(-49) + 2460/14. Let s = z - 87. Is (s - -1) + -2 + 3 composite?
True
Suppose -4*r = 5*d - 378, 0*r - 5*d = 3*r - 286. Suppose 6*j + r = 8*j. Is j composite?
True
Let d(z) = -5*z**2 - 1. Let a(b) = -10*b**2 + b - 1. Let w(x) = 2*a(x) - 5*d(x). Let f = 2 - 4. Is w(f) prime?
True
Suppose -3*m = -8*m - 5. Let z be (4 + 1 - m)/1. Is 52 - 2/z*3 a composite number?
True
Let a(p) = 30*p**2. Let u be a(-2). Suppose 4*y - u = 4. Is y a composite number?
False
Is (-4)/(-26) + (-152)/(-26) composite?
True
Suppose -40 + 0 = 4*g - 5*w, g - 11 = -4*w. Let u be (-5 - g)*2/4. Suppose u = -5*m + 4*r + 109, 4*m = -9*r + 4*r + 120. Is m a composite number?
True
Let z = 0 + 3. Suppose 0 = -z*t + 3 + 3. Is 1/(-4)*t*-94 a composite number?
False
Suppose 4*t = -0*t + 288. Let p = t - 21. Is p a composite number?
True
Let d = -462 - -727. Is d prime?
False
Suppose k = -2*k + 9. Suppose -j = -k*j + 166. Is j prime?
True
Suppose -4840 = -5*t + 2715. Is t composite?
False
Suppose -8*l - 311 = -9*l. Is l a composite number?
False
Suppose -16 = 2*j + 5*m, -2*j + 2*m - 8 - 8 = 0. Let b = 29 - j. Is b composite?
False
Suppose 5 - 3 = 2*r. Is -2*((-77)/2)/r a prime number?
False
Let q(o) = -10*o + 5. Is q(-3) a composite number?
True
Let j(a) = a - 223. Let m be j(0). Is -1*1 - (m - 1) a prime number?
True
Let w(v) = v**3 + 7*v**2 + 5*v - 1. Let z be 1 + (-4)/((-12)/(-21)). Let m be w(z). Suppose m*c - 797 = 3*p - 6*p, -c = -p + 255. Is p composite?
True
Suppose -13 = -2*f - 3*z, 2*z - 5 = -3*z. Suppose 467 = -f*i + 1932. Is i prime?
True
Let f = 10 + -10. Suppose 5*p - 20 = 0, f*p = 4*h - 2*p - 564. Is h composite?
True
Let y(j) = 626*j + 7. Is y(2) prime?
True
Suppose -5*f - 3*u - 10 = -8*u, -5*f = 2*u - 25. Suppose f*m = 25 + 221. Is m prime?
False
Let k = 9 + -1. Suppose k*s - 326 = 6*s. Is s composite?
False
Let j(v) = -v**2 + 8*v - 3. Let x be j(7). Let o(a) = 0*a**2 + x + a - a**3 + 5*a**2 - 2*a. Is o(3) a prime number?
True
Suppose 4*k - 279 = -l, 0*l + 5*k - 1335 = -5*l. Is l a prime number?
True
Let a be (-1)/(-2*(-2)/60). Let j = -11 - a. Is j a composite number?
True
Suppose -k + m - 10 = 5*m, -3*m - 7 = k. Is k a composite number?
False
Let w = -546 - -797. Is w a prime number?
True
Let m = 3 + -1. Suppose 0 = -m*y + 102. Is y a composite number?
True
Let y be (-3)/12 + (-175)/4. Let b = y + 63. Is b a prime number?
True
Suppose 4*p - 2*p + 134 = 0. Let i = p - -210. Is i composite?
True
Let g = -4 - -6. Is (-153)/(-2) + 1/g a composite number?
True
Suppose -m + 239 + 116 = 0. Is m a composite number?
True
Let z be (-3)/2 + 615/6. Suppose 4*v - 109 = -5*h, 0 = -4*v + h + 2*h + z. Is v composite?
True
Suppose 3*w - 50 = -17. Let d = -8 + w. Suppose 2*q - 50 = -4*h, -3 = -h - d*q + 7. Is h a composite number?
False
Let g be (-219)/(-7) - (-10)/(-35). Suppose 178 = 5*f - r, 16 = f - 4*r - g. Is f composite?
True
Let c = -4 + 8. Let g = 0 + c. Is 2/8 - (-475)/g prime?
False
Suppose d - 6 = -3. Suppose 3*z + 4*b = 1173, 5*b - 318 - 852 = -d*z. Is z a prime number?
False
Let a = 4 - 0. Suppose s - a*s + 561 = 0. Is s a composite number?
True
Let g(b) be the second derivative of b**3/6 + 3*b**2 + b. Let q = -5 + 13. Is g(q) prime?
False
Let n = -10 + 14. Suppose -3*b + 5*i = -3, 0*i + 4*i = 4*b - n. Is (0 + -11)/(b - 2) composite?
False
Let c be ((-20)/(-6))/(12/5202). Suppose 0*m - c = -5*m. Is m a prime number?
False
Let q = 4 - 4. Suppose q*i = i + 11. Is 2 - (-1)/(-1)*i a prime number?
True
Suppose 2*z - 2 = 8, 5*r + 2*z = 5. Is r + (8/(-2))/(-1) prime?
True
Let u(t) = 6*t**2 - 5*t - 3. Suppose -3*a = 8 + 4. Is u(a) composite?
False
Suppose 0 = 5*d - 2*d - 1185. Is d a composite number?
True
Let r = -117 + 196. Is r a composite number?
False
Suppose 2*m - 3*m - 2*i = 6, -m = 5*i + 15. Suppose 6 = -m*a + 3*a. Let j(t) = 2*t**3 - t**2 - 1. Is j(a) composite?
False
Let i be (75/(-10))/((-2)/28). Suppose -l + i = -56. Is l a prime number?
False
Suppose 0 = -o - 5*o + 4818. Is o prime?
False
Let a(w) = 2*w + 7. Let g be a(-5). Let m be -2 + 2 - 1 - -7. Let o = g + m. Is o prime?
True
Let n = -18 - -24. Is n a composite number?
True
Let o = 13 - 9. Suppose -2*u - o*x + x + 434 = 0, 3*x = 0. Is u prime?
False
Let p(m) = -m**3 + 13*m**2 + 10*m - 7. Is p(9) a composite number?
True
Suppose r + 64 = 5*r. Let l be ((-2)/3)/(2/(-30)). Let z = r - l. Is z a prime number?
False
Let b(x) = 2*x + 8. Let n be b(-7). Let s(r) = r**2 + 4*r - 7. Let c be s(n). Suppose -6*w = -c*t - w + 50, -5*w = 2*t - 55. Is t composite?
True
Let l = 3 + 7. Let u = -7 + l. Is u composite?
False
Let x = 35 + 168. Is x prime?
False
Let b = 152 - -421. Let l = 1934 - b. Is l a composite number?
False
Let i = -5 - -7. Let m = 4 - i. Suppose -j - 44 = -5*j - 4*v, j = m*v + 17. Is j a composite number?
False
Let l(w) = -w**3 - 4*w**2 + 10*w - 9. Let u = 10 + -18. Is l(u) composite?
False
Let u(n) = 6 + 4*n + n - 4*n + 2*n. Let x(m) = -2*m - 7. Let t(i) = 5*u(i) + 4*x(i). Is t(5) prime?
True
Let q(z) = -280*z**3 - z**2 + 1. Let j be q(-1). Suppose -4*r = -0*r - j. Suppose f + r = 3*f. Is f composite?
True
Suppose -2*d - 3*c + 590 = 0, -2091 + 593 = -5*d + 4*c. Is d composite?
True
Let n be (4/(-4))/(1/8). Is 2/n*2*-830 a composite number?
True
Let j(q) = q**2 + 6*q. Let v be j(-6). Suppose -4*l = -v*y + 3*y + 112, -2*l = -4. Let z = y - -71. Is z prime?
True
Let y be (-21)/(-6)*4*12. Let i = y + -71. Is i composite?
False
Let j = 62 + 57